reatest common divisor of v and 24.
8
Let a(v) = -2*v + 4. Let u be a(-7). Suppose -2*g - u = -0*g. Let c be 32/3*g/(-4). Calculate the highest common divisor of 6 and c.
6
Suppose 4 = u - 8. Let i be 6/u*(-24)/1. Let m be (-15)/(-12) - 9/i. Calculate the greatest common factor of 18 and m.
2
Let h be 1938/21 - 4/14. Suppose 17 + 19 = 2*b. Let l = h + b. What is the greatest common divisor of 44 and l?
22
Let s = 17 - 14. Let o be -2 - (2 + -4 + 0). Suppose -2*r - 3*j + 12 + s = o, 65 = 4*r - j. Calculate the highest common divisor of r and 30.
15
Suppose -3*f + 56 = f. Suppose -4*h = h - 60. Let a be h*(69/6 - 1). Calculate the highest common factor of f and a.
14
Suppose 0 = 3*w - 0*w. Suppose w*v - 5*v = -90. Calculate the greatest common divisor of 144 and v.
18
Suppose 20 = 4*d - 5*b + 2*b, 8 = -2*b. Suppose -d*q - q = -21. Calculate the greatest common divisor of 14 and q.
7
Let w(d) = -d**3 - 6*d**2 + 2*d - 4. Let b be w(-6). Let r = 23 + b. What is the highest common divisor of r and 14?
7
Let w(y) = -y**3 + 12*y**2 + 4*y + 12. Let l be w(11). Suppose -2*m = 23 - l. What is the highest common factor of 11 and m?
11
Let f(u) = -u**2 - 7*u - 4. Let d be f(-4). Let y = 19 - d. What is the greatest common divisor of 33 and y?
11
Let d(m) = m**2 - m**3 - 2 - 6*m + 9*m**2 + 6 - 3*m. Let w be d(8). What is the highest common factor of w and 24?
12
Suppose 0 = -5*v + 14 + 1. Suppose v*m - 2 = 2*m. Calculate the highest common divisor of m and 22.
2
Let p(d) = 6*d - 2. Let u be p(2). Let z be 118/u - 6/(-30). Calculate the greatest common factor of z and 8.
4
Let q be (-1)/3 + (-57)/(-9). What is the greatest common factor of 6 and q?
6
Suppose 4*c + 2 = -5*o, -7*o = 5*c - 3*o - 2. Suppose 3*d - c*b - 369 = 0, -b = -d - 0*d + 124. What is the highest common divisor of 11 and d?
11
Let b(l) = 31*l**2 + 3*l - 4. Let o be b(2). What is the greatest common divisor of 14 and o?
14
Suppose 5*g + 3*n = 247, -g - n - 35 + 84 = 0. What is the highest common factor of g and 125?
25
Suppose -s = 4*v + 3*s + 4, 2*s + 14 = v. Suppose 3*u - 5 = -2*w + 4, -v*w + 68 = -4*u. What is the greatest common factor of w and 18?
6
Let m be (6/18)/(1/9). Suppose -11 = -w - 5*q + q, 4*q - 49 = -m*w. Suppose -2*v = v - 171. What is the greatest common factor of v and w?
19
Let h be 158 - 1 - (-1 + -2). What is the greatest common divisor of 32 and h?
32
Let g = -5 + -1. Let p be (9 - 0)/(g/(-52)). What is the highest common divisor of p and 52?
26
Suppose -t + 227 = -3*v, -4*t + 4*v = -7*t + 720. Calculate the highest common factor of t and 59.
59
Let c be (-200)/30 - (-4)/6. Let h = -4 + c. Let y be (-1)/(-5) - 158/h. What is the greatest common factor of y and 8?
8
Let x be ((-21)/14)/((-6)/8). Suppose 4*u + x*p = -p + 103, 3*u - 4*p = 46. Calculate the highest common divisor of u and 176.
22
Let n = 38 + -18. Suppose -6*t = -2*t - 16. Let s be 145/n - 1/t. What is the greatest common divisor of s and 7?
7
Suppose -2*h = -3*h - 18. Let s be (-2)/9 - 112/h. Let y = 36 + -30. Calculate the greatest common divisor of y and s.
6
Let c be 16/(-24) + 5/3. What is the greatest common factor of c and 5?
1
Let i be (46 - 1) + -1 + 1. Suppose 0 = -6*a + a + i. Let g(l) = l**3 - 9*l**2 - 8*l - 11. Let o be g(10). What is the greatest common factor of a and o?
9
Let h = 21 + -12. Let a(v) = v**2 - 8*v. Let k be a(h). Let w = k + -5. What is the greatest common divisor of 44 and w?
4
Suppose -4*p + 56 = 4*d - 0*p, -p = -5*d + 76. Let f = 0 - 0. Suppose d = -f*a + a. Calculate the highest common factor of 165 and a.
15
Suppose -g + 15 - 3 = 0. Calculate the greatest common factor of g and 36.
12
Let w = -66 - -74. Suppose -4*x - 24 = -2*l, 2*l - l - 3*x - 17 = 0. Calculate the greatest common divisor of w and l.
2
Suppose -7*c + 9*c = 264. Calculate the highest common divisor of 12 and c.
12
Suppose 7*c - 4*c - 33 = 0. Calculate the greatest common factor of c and 55.
11
Let s be (-5)/((-30)/(-22))*-51. What is the greatest common divisor of s and 17?
17
Let c(p) = -2*p + 4. Let m be c(-4). Let r = m + -7. What is the highest common divisor of 5 and r?
5
Let j be (5 - (-296)/56)/((-6)/(-28)). What is the highest common factor of j and 12?
12
Suppose -o = -r - 0*r - 8, 0 = -2*o + 4*r + 18. Calculate the highest common factor of 14 and o.
7
Let a = -3 - -5. Let w(g) = 3*g - 3. Let q be w(a). Suppose 9 = -q*n - 3*i, -5*n - i = -0*i - 1. Calculate the greatest common factor of n and 1.
1
Let l(y) = -y + 2. Let w be l(-8). What is the highest common divisor of 15 and w?
5
Let m = 91 + -21. Calculate the greatest common factor of m and 10.
10
Let d be -4 + (-5 - -3 - -28). Calculate the greatest common factor of d and 22.
22
Suppose -1 = -7*f + 13. Calculate the greatest common factor of 2 and f.
2
Let t(p) = -p + 10. Let n be t(8). Suppose n*i - 121 = 19. Calculate the greatest common divisor of 10 and i.
10
Let v(f) = f**3 + 4*f**2 - 5*f + 3. Let t be v(-5). Let z be 3 - (-1 - 58 - t). What is the highest common factor of 13 and z?
13
Suppose 2*q = 5*q - 6. Let f(y) = 4*y - 3. Let x be f(q). Calculate the highest common divisor of 5 and x.
5
Let v(y) = y**2 - 15*y + 18. Let n be v(14). Suppose n*t + 4*i = 408 - 36, -3*i + 15 = 0. Calculate the greatest common divisor of t and 8.
8
Let o(f) = 4*f - 15. Let i be o(5). Let d(m) = 3*m**2 - 2*m + 4. Let z be d(3). What is the highest common divisor of z and i?
5
Suppose -4*u = 2*u - 24. Suppose u*p + 4*d - 36 = 0, -d + 3 = -1. Calculate the greatest common factor of 40 and p.
5
Suppose -3 = 2*b - 13. What is the greatest common divisor of b and 2?
1
Let f = 11 - 6. Suppose -28 = -k - f*c + 5, 2*k = 4*c + 10. What is the greatest common factor of 39 and k?
13
Let s(v) = v + 6. Let k be s(7). Let u be (26/(-1)*-5)/1. What is the highest common divisor of k and u?
13
Suppose 2*p - 79 = -15. Let h(g) = 6*g**2 + g. Let x be h(-1). Suppose -x*m + 41 = 3*l - l, 0 = -m + 5. Calculate the highest common factor of p and l.
8
Let k be ((-12)/10)/(-1 - (-8)/10). What is the highest common factor of k and 3?
3
Suppose -3*i = -10 - 11. Suppose 0 = g - 0*g - i. Suppose -4*c = -3*x - 76, g = 2*c + 5*x - 5. What is the greatest common divisor of c and 176?
16
Suppose -5*b + 3*q = -185, 4*q - 2*q + 30 = b. Calculate the highest common divisor of b and 16.
8
Suppose 0 = 3*n - 99 - 45. What is the highest common factor of 16 and n?
16
Let o(s) = -s**2 - 8*s + 6. Let d be o(-6). Let w be 143 - (-2 - (0 - 1)). Calculate the highest common factor of d and w.
18
Suppose 0 = -2*d - 10 + 16. What is the highest common factor of d and 30?
3
Let g = 31 + -22. Let q be 1/(3/9) - 0 - -24. What is the highest common divisor of g and q?
9
Let k = -60 - -92. What is the highest common factor of k and 48?
16
Let r be 140/8 + 6/(-4). What is the greatest common factor of r and 80?
16
Suppose -6*l = -49 - 185. What is the greatest common divisor of l and 39?
39
Let b(f) = f**3 - 5*f**2 + 4*f - 14. Let c be b(5). What is the greatest common factor of 66 and c?
6
Suppose 0*s = -4*l + 3*s + 143, 0 = -4*l - 5*s + 103. Suppose 240 = -d + 6*d. Calculate the greatest common divisor of l and d.
16
Let h(b) = -b**3 - 9*b**2 - 8*b + 3. Let j be h(-8). Calculate the highest common factor of 3 and j.
3
Let w be (-1 + -21)*(-5)/5. Suppose 60 = 3*n + n. Let m = 183 + n. What is the greatest common factor of w and m?
22
Suppose 0 = 2*p - 27 - 17. Let c = -12 + p. Let l be 8*(-2 + c/4). What is the greatest common divisor of l and 16?
4
Suppose -460 = -4*w + 7*m - 2*m, 500 = 4*w + 5*m. Calculate the greatest common divisor of 15 and w.
15
Let l be (-5)/(5/(-2))*2. Let r(o) = -5*o + 3. Let z be r(-6). Let v = z + 7. Calculate the greatest common divisor of v and l.
4
Let u = 234 + -102. Calculate the highest common factor of 12 and u.
12
Suppose -4*h = -0*j + 5*j - 23, j + 5 = -4*h. Let x = 86 + -51. What is the highest common divisor of j and x?
7
Let o be 0 + ((-16)/(-28))/((-2)/(-28)). Calculate the greatest common factor of 8 and o.
8
Suppose 0 = 3*g - 2 - 1, -m - 3*g + 26 = 0. Let z(c) = -2 + 3 - 4 - m*c. Let p be z(-5). What is the greatest common factor of 14 and p?
14
Suppose 4*r - 3*a - 237 = 0, 5*r - a - 310 = -0*a. Suppose 0 = -3*d + n + 29, -5*d + 39 = -2*n - 10. What is the g